22?
1
What is the hundred thousands digit of 305270?
3
What is the tens digit of 201375?
7
What is the thousands digit of 3890194?
0
What is the hundred thousands digit of 268211?
2
What is the ten thousands digit of 1237117?
3
What is the millions digit of 1821540?
1
What is the units digit of 35322?
2
What is the hundred thousands digit of 812897?
8
What is the tens digit of 1040311?
1
What is the hundreds digit of 15655327?
3
What is the ten thousands digit of 6017117?
1
What is the hundreds digit of 145814?
8
What is the hundreds digit of 609225?
2
What is the thousands digit of 18402714?
2
What is the tens digit of 469971?
7
What is the thousands digit of 436555?
6
What is the ten thousands digit of 7753519?
5
What is the ten thousands digit of 15991388?
9
What is the tens digit of 1174696?
9
What is the hundred thousands digit of 4697432?
6
What is the hundreds digit of 2943441?
4
What is the hundred thousands digit of 1410303?
4
What is the hundred thousands digit of 3385414?
3
What is the ten thousands digit of 32860?
3
What is the thousands digit of 10960?
0
What is the hundreds digit of 613390?
3
What is the units digit of 2321862?
2
What is the thousands digit of 553131?
3
What is the tens digit of 207634?
3
What is the units digit of 5837147?
7
What is the thousands digit of 491041?
1
What is the units digit of 7295555?
5
What is the millions digit of 8764795?
8
What is the thousands digit of 550284?
0
What is the ten thousands digit of 3319319?
1
What is the hundreds digit of 8775311?
3
What is the thousands digit of 1173157?
3
What is the hundreds digit of 23935950?
9
What is the hundred thousands digit of 913340?
9
What is the hundreds digit of 72707?
7
What is the ten thousands digit of 724863?
2
What is the millions digit of 8701488?
8
What is the tens digit of 506334?
3
What is the units digit of 1717612?
2
What is the units digit of 2087863?
3
What is the hundred thousands digit of 12535482?
5
What is the ten thousands digit of 2177562?
7
What is the units digit of 8002976?
6
What is the tens digit of 702890?
9
What is the tens digit of 558528?
2
What is the thousands digit of 1534491?
4
What is the tens digit of 265754?
5
What is the millions digit of 3095071?
3
What is the units digit of 97656?
6
What is the millions digit of 18144534?
8
What is the ten thousands digit of 1203792?
0
What is the millions digit of 2901659?
2
What is the thousands digit of 990727?
0
What is the tens digit of 720515?
1
What is the hundred thousands digit of 407406?
4
What is the tens digit of 886474?
7
What is the ten thousands digit of 474251?
7
What is the tens digit of 3935328?
2
What is the hundred thousands digit of 399392?
3
What is the units digit of 106441?
1
What is the thousands digit of 16117946?
7
What is the units digit of 2363540?
0
What is the hundreds digit of 680007?
0
What is the hundreds digit of 10133970?
9
What is the millions digit of 2374447?
2
What is the ten thousands digit of 8832041?
3
What is the hundreds digit of 10929284?
2
What is the hundreds digit of 8450220?
2
What is the millions digit of 4244203?
4
What is the tens digit of 280395?
9
What is the ten thousands digit of 463762?
6
What is the hundreds digit of 1503490?
4
What is the hundreds digit of 2327944?
9
What is the hundreds digit of 9250963?
9
What is the hundred thousands digit of 187373?
1
What is the hundreds digit of 6825494?
4
What is the hundred thousands digit of 12972782?
9
What is the hundred thousands digit of 7245314?
2
What is the hundred thousands digit of 399812?
3
What is the thousands digit of 2046227?
6
What is the hundred thousands digit of 139477?
1
What is the thousands digit of 488399?
8
What is the tens digit of 1030617?
1
What is the hundred thousands digit of 18699726?
6
What is the thousands digit of 4254786?
4
What is the hundred thousands digit of 295704?
2
What is the tens digit of 323661?
6
What is the units digit of 291227?
7
What is the ten thousands digit of 92668?
9
What is the thousands digit of 330057?
0
What is the hundreds digit of 1364116?
1
What is the millions digit of 5350898?
5
What is the thousands digit of 93954?
3
What is the tens digit of 462183?
8
What is the ten thousands digit of 13197531?
9
What is the millions digit of 2135304?
2
What is the tens digit of 93540?
4
What is the ten thousands digit of 11693605?
9
What is the ten thousands digit of 491332?
9
What is the hundred thousands digit of 264226?
2
What is the hundred thousands digit of 3744519?
7
What is the tens digit of 21314742?
4
What is the units digit of 20786326?
6
What is the hundred thousands digit of 366513?
3
What is the tens digit of 5471923?
2
What is the ten millions digit of 11172848?
1
What is the hundreds digit of 297178?
1
What is the hundreds digit of 26614113?
1
What is the hundred thousands digit of 452962?
4
What is the units digit of 23297?
7
What is the hundred thousands digit of 4700270?
7
What is the hundreds digit of 2740613?
6
What is the hundreds digit of 22371726?
7
What is the millions digit of 1836852?
1
What is the tens digit of 61699?
9
What is the thousands digit of 10030992?
0
What is the ten thousands digit of 484518?
8
What is the tens digit of 26037386?
8
What is the hundred thousands digit of 189676?
1
What is the tens digit of 564153?
5
What is the millions digit of 7604180?
7
What is the hundreds digit of 302455?
4
What is the hundred thousands digit of 751030?
7
What is the thousands digit of 330018?
0
What is the hundred thousands digit of 495338?
4
What is the units digit of 2571399?
9
What is the tens digit of 187526?
2
What is the tens digit of 805251?
5
What is the units digit of 479970?
0
What is the ten millions digit of 24229901?
2
What is the tens digit of 11265690?
9
What is the tens digit of 3212185?
8
What is the hundred thousands digit of 346362?
3
What is the ten thousands digit of 547419?
4
What is the units digit of 44029984?
4
What is the hundred thousands digit of 20387711?
3
What is the hundred thousands digit of 3507887?
5
What is the thousands digit of 3869156?
9
What is the hundred thousands digit of 3176144?
1
What is the units digit of 232174?
4
What is the tens digit of 1740172?
7
What is the thousands digit of 1388899?
8
What is the units digit of 1983068?
8
What is the units digit of 39558?
8
What is the hundred thousands digit of 1117591?
1
What is the hundreds digit of 15264370?
3
What is the thousands digit of 1940289?
0
What is the thousands digit of 837915?
7
What is the units digit of 630?
0
What is the hundreds digit of 1062804?
8
What is the units digit of 8241566?
6
What is the units digit of 231508?
8
What is the tens digit of 87847?
4
What is the hundreds digit of 16686115?
1
What is the millions digit of 6938745?
6
What is the hundreds digit of 24634?
6
What is the millions digit of 6590453?
6
What is the ten thousands digit of 186592?
8
What is the tens digit of 6604235?
3
What is the tens digit of 145164?
6
What is the hundreds digit of 1027146?
1
What is the units digit of 1758046?
6
What is the ten thousands digit of 587837?
8
What is the ten thousands digit of 536248?
3
What is the ten thousands digit of 1494212?
9
What is the ten thousands digit of 21893826?
9
What is the tens digit of 6068205?
0
What is the thousands digit of 217734?
7
What is the tens digit of 2237956?
5
What is the hundred thousands digit of 8027699?
0
What is the tens digit of 67362?
6
What is the hundred thousands digit of 5218339?
2
What is the tens digit of 2986794?
9
What is the ten thousands digit of 134626?
3
What is the tens digit of 5984795?
9
What is the thousands digit of 7165904?
5
What is the tens digit of 7287546?
4
What is the ten thousands digit of 3155394?
5
What is the thousands digit of 225676?
5
What is the thousands digit of 254894?
4
What is the tens digit of 69890?
9
What is the thousands digit of 1431911?
1
What is the thousands digit of 32449?
2
What is the ten thousands digit of 103989?
0
What is the hundreds digit of 1667566?
5
What is the tens digit of 8172437?
3
What is the millions digit of 7605464?
7
What is the tens digit of 5249448?
4
What is the hundreds digit of 686339?
3
What is the units digit of 63881?
1
What is the hundred thousands digit of 1558710